nd 1?
1
Calculate the greatest common divisor of 31 and 93.
31
Calculate the greatest common factor of 418 and 11.
11
Calculate the highest common divisor of 156 and 897.
39
Calculate the highest common divisor of 5 and 415.
5
Calculate the highest common divisor of 168 and 744.
24
Calculate the highest common divisor of 80 and 110.
10
Calculate the highest common divisor of 310 and 25.
5
What is the highest common factor of 33295 and 5?
5
Calculate the greatest common factor of 459 and 255.
51
What is the highest common factor of 2021 and 301?
43
Calculate the greatest common divisor of 64 and 1132.
4
What is the greatest common factor of 945 and 40?
5
What is the greatest common divisor of 185 and 5?
5
Calculate the greatest common factor of 2625 and 25.
25
What is the greatest common factor of 5405 and 345?
115
Calculate the highest common divisor of 1419 and 1677.
129
Calculate the greatest common divisor of 1000 and 32.
8
Calculate the greatest common divisor of 40 and 64.
8
Calculate the greatest common divisor of 320 and 120.
40
What is the highest common divisor of 952 and 280?
56
What is the greatest common divisor of 168 and 525?
21
Calculate the highest common factor of 28 and 92.
4
What is the greatest common factor of 114 and 1634?
38
What is the highest common factor of 851 and 23?
23
What is the highest common factor of 483 and 49?
7
What is the greatest common divisor of 9400 and 200?
200
What is the greatest common factor of 4096 and 64?
64
What is the greatest common factor of 1116 and 396?
36
Calculate the greatest common factor of 8 and 20.
4
What is the highest common factor of 335 and 6365?
335
Calculate the highest common factor of 858 and 176.
22
What is the highest common factor of 21 and 4809?
21
What is the greatest common divisor of 92 and 2967?
23
What is the greatest common factor of 5379 and 33?
33
What is the greatest common factor of 6534 and 36?
18
What is the highest common divisor of 10552 and 8?
8
Calculate the highest common factor of 728 and 56.
56
What is the highest common divisor of 184 and 529?
23
Calculate the greatest common divisor of 737 and 134.
67
What is the highest common divisor of 126 and 126?
126
What is the greatest common divisor of 19 and 2033?
19
What is the highest common factor of 9 and 78?
3
What is the greatest common divisor of 1003 and 221?
17
Calculate the highest common divisor of 34 and 1751.
17
Calculate the greatest common divisor of 335 and 67.
67
What is the greatest common factor of 784 and 16?
16
What is the greatest common divisor of 1356 and 12?
12
What is the highest common factor of 24 and 918?
6
What is the greatest common divisor of 140 and 28?
28
Calculate the highest common factor of 75 and 1050.
75
What is the greatest common factor of 144 and 12?
12
What is the highest common divisor of 1512 and 1680?
168
What is the greatest common divisor of 816 and 48?
48
Calculate the greatest common factor of 416 and 13.
13
What is the highest common factor of 4 and 2?
2
Calculate the highest common divisor of 26 and 377.
13
What is the greatest common divisor of 4 and 125?
1
What is the greatest common factor of 2201 and 62?
31
What is the greatest common factor of 69 and 23?
23
Calculate the greatest common divisor of 5 and 10.
5
What is the highest common divisor of 1275 and 600?
75
What is the greatest common factor of 129 and 2365?
43
Calculate the greatest common factor of 27 and 183.
3
What is the highest common divisor of 304 and 3610?
38
Calculate the highest common divisor of 420 and 735.
105
What is the greatest common factor of 8 and 8?
8
Calculate the highest common divisor of 84 and 420.
84
What is the greatest common divisor of 13 and 91?
13
Calculate the greatest common divisor of 27 and 33.
3
Calculate the greatest common factor of 65 and 585.
65
What is the highest common factor of 64 and 288?
32
What is the highest common divisor of 3768 and 3?
3
What is the highest common factor of 255 and 180?
15
What is the greatest common divisor of 46 and 2944?
46
What is the greatest common factor of 38 and 4?
2
What is the highest common divisor of 116 and 2668?
116
Calculate the greatest common factor of 106 and 24274.
106
Calculate the highest common factor of 86 and 817.
43
What is the highest common divisor of 72 and 1098?
18
Calculate the greatest common factor of 460 and 92.
92
What is the highest common factor of 8 and 12?
4
What is the highest common factor of 1424 and 16?
16
What is the highest common divisor of 117 and 182?
13
Calculate the greatest common divisor of 627 and 88.
11
Calculate the highest common divisor of 259 and 7.
7
What is the greatest common factor of 81 and 6939?
27
What is the highest common factor of 718 and 4?
2
What is the highest common divisor of 3333 and 44?
11
Calculate the highest common divisor of 61 and 2.
1
Calculate the greatest common factor of 12931 and 201.
67
Calculate the highest common divisor of 875 and 25.
25
Calculate the greatest common divisor of 6084 and 16.
4
What is the greatest common factor of 23 and 23?
23
Calculate the highest common divisor of 168 and 609.
21
Calculate the highest common factor of 665 and 315.
35
Calculate the greatest common divisor of 32 and 32.
32
What is the greatest common factor of 26 and 39?
13
Calculate the highest common divisor of 1515 and 30.
15
What is the highest common divisor of 900 and 12375?
225
Calculate the greatest common divisor of 180 and 490.
10
Calculate the greatest common factor of 372 and 5332.
124
Calculate the highest common factor of 924 and 385.
77
Calculate the greatest common factor of 78 and 222.
6
What is the greatest common divisor of 13 and 819?
13
Calculate the greatest common divisor of 432 and 378.
54
Calculate the greatest common divisor of 38 and 475.
19
What is the highest common factor of 864 and 24?
24
What is the greatest common factor of 40 and 1160?
40
Calculate the greatest common factor of 100 and 480.
20
What is the greatest common divisor of 928 and 64?
32
What is the greatest common factor of 22419 and 159?
159
What is the highest common factor of 455 and 260?
65
Calculate the greatest common divisor of 2160 and 192.
48
What is the highest common factor of 168 and 126?
42
What is the greatest common factor of 14 and 2114?
14
What is the greatest common factor of 15 and 355?
5
Calculate the highest common factor of 10020 and 96.
12
Calculate the highest common divisor of 20 and 24.
4
Calculate the greatest common divisor of 136 and 1258.
34
What is the greatest common factor of 380 and 152?
76
Calculate the highest common divisor of 180 and 252.
36
Calculate the highest common factor of 570 and 510.
30
Calculate the highest common divisor of 4 and 548.
4
Calculate the greatest common divisor of 3 and 9573.
3
Calculate the highest common divisor of 155 and 71455.
155
What is the highest common factor of 832 and 256?
64
Calculate the greatest common divisor of 10 and 7720.
10
What is the greatest common factor of 148 and 37?
37
What is the greatest common divisor of 247 and 91?
13
What is the highest common factor of 2 and 1006?
2
What is the highest common divisor of 10186 and 44?
22
What is the highest common divisor of 30 and 330?
30
Calculate the highest common divisor of 319 and 11.
11
What is the highest common divisor of 28630 and 14?
14
What is the greatest common divisor of 728 and 112?
56
What is the greatest common factor of 126 and 2331?
63
Calculate the highest common divisor of 18 and 2334.
6
What is the highest common divisor of 16 and 24304?
16
What is the greatest common factor of 81 and 10773?
81
What is the greatest common factor of 2856 and 17?
17
What is the greatest common divisor of 10 and 2000?
10
What is the highest common factor of 392 and 16?
8
Calculate the highest common factor of 128 and 332.
4
What is the highest common factor of 20 and 14540?
20
What is the highest common factor of 65 and 520?
65
What is the highest common factor of 11186 and 282?
94
Calculate the greatest common factor of 913 and 22.
11
What is the highest common factor of 32 and 5216?
32
What is the highest common factor of 255 and 17?
17
What is the highest common divisor of 650 and 52?
26
What is the highest common factor of 238 a